 k = 4 - v. List the prime factors of k.
2, 3
Suppose -3*r - 555 = -5*c + 2458, 5*c + 4*r = 3006. List the prime factors of c.
2, 7, 43
Let v = 3018 - 1092. What are the prime factors of v?
2, 3, 107
Let g be 3*111/18*12. Suppose -4*o = -g + 14. Let f = -33 + o. What are the prime factors of f?
19
What are the prime factors of (8 + 34)*96/6?
2, 3, 7
Let i(n) = -n**3 + 12*n**2 - 9*n - 16. Let y be i(11). Suppose -y*g + g = -20. Suppose -238 + 86 = -g*t. List the prime factors of t.
2, 19
Let s = -206 - -348. What are the prime factors of s?
2, 71
Let b = 1439 - 182. List the prime factors of b.
3, 419
Suppose -t + x = -160, -2*x - 11 + 1 = 0. Let g = t + -108. List the prime factors of g.
47
Suppose 5*a + 0*u - u - 128 = 0, 0 = 3*u - 6. Suppose f = 3*f - a. Suppose 3*x + f = 4*x. What are the prime factors of x?
13
Let y(k) = k**2 - 3*k - 7. Let o be y(6). Let m be (-15 + o)/(1*-1). Suppose -m*u - 34 = -138. What are the prime factors of u?
2, 13
Let i be -3 - (-1*14/1 - 0). Suppose -2*n + 79 = -i. List the prime factors of n.
3, 5
Let v(t) = 3*t + 9. Let y be v(4). Let d = y + -13. What are the prime factors of -2 + 3*d - -3?
5
Suppose -2*v = 5*r - 25, 4*r + v + 2*v - 13 = 0. Let i(a) = 7*a - 2. List the prime factors of i(r).
47
Let h(q) = -173*q - 3. Suppose -5*b + 31 - 36 = 0. What are the prime factors of h(b)?
2, 5, 17
Let o(u) = -13*u - 10 + 44*u**3 - 45*u**3 - 2 + 2 - 12*u**2. List the prime factors of o(-11).
2, 3
Let k = 39 + -21. Let c = k - 21. List the prime factors of 3 + (-6)/(0 + c).
5
Let n be (-54)/4*1*-2. Suppose 2*o - n = -i, 0*i = -2*i + 2*o + 66. What are the prime factors of i?
31
Suppose -i + 0*i + n = 0, 2*i + 2*n - 20 = 0. Let l(g) = -6 + 1 + 3*g - 1. List the prime factors of l(i).
3
Suppose 4*k = -5*f + 101, -6*f = 2*k - 3*f - 53. Let b = k - -9. List the prime factors of b.
2, 7
Suppose -5*l + 1196 = j, 3660 = -10*j + 13*j - 3*l. List the prime factors of j.
2, 19
Suppose -h - 3*f = 13, -f = -5*h - 6*f - 15. Let c be 1*(3 + -3 + h). Suppose c*l - 34 = 4*x, 2*l = -2*x - 2*x + 34. What are the prime factors of l?
17
Let g = -548 - -849. List the prime factors of g.
7, 43
Suppose -2*v + 5 = -v. Suppose 0 = -3*p - 0*p + v*o + 196, 3*p + 3*o - 156 = 0. Suppose 2*w - 1 = p. List the prime factors of w.
29
Let p = 455 + 498. What are the prime factors of p?
953
Suppose 4*b + 39 = 5*k, -5*b - 20 = k + 7. Let g(q) = -9*q. What are the prime factors of g(b)?
2, 3
Let u(l) = 3*l**2 + 57*l - 60. List the prime factors of u(-27).
2, 3, 7
Suppose 194 = -4*m - 2*i, 5*m + 4*i + 191 + 50 = 0. Let q = -19 - m. Suppose -4*v = -9*v + q. What are the prime factors of v?
2, 3
Suppose 4*u + 3*z + 19 = 0, 3*z + 17 = -2*u - 0*z. Let t(o) = 34*o**2 + 1. Let h be t(u). Suppose -3*x + 1 = -h. What are the prime factors of x?
2, 3
Let c = 23 + -11. Let z be 16 + (-6 - (-11 - -6)). Let m = z + c. List the prime factors of m.
3
Suppose 22*a = -25*a + 140154. What are the prime factors of a?
2, 3, 7, 71
List the prime factors of (-9395)/(-20) + 9/(-12).
7, 67
Let r = -62 - 10. Let s = -38 - r. Suppose s = 3*z - 95. List the prime factors of z.
43
Suppose -2*f - 4*w + 250 = 0, -2*f - f - 3*w + 363 = 0. List the prime factors of f.
3, 13
Suppose -19*a = -5*i - 18*a + 432, i - 84 = a. What are the prime factors of i?
3, 29
Let s(t) = -t**3 + 33*t**2 - 25*t + 82. What are the prime factors of s(32)?
2, 3, 17
Let d be 3*-7*(-40)/30. Suppose 0 = 3*k + 7*a - 2*a + 4, 3*a + 20 = -4*k. Let t = d - k. What are the prime factors of t?
2, 3
Let z(h) = 444*h**3 - 2*h**2 + 8*h - 7. What are the prime factors of z(1)?
443
Let j(t) = -t + 2 + 0 + 2*t**2 - 3 + 0. List the prime factors of j(5).
2, 11
Suppose j - 3*o - 63 = 6*j, 10 = -j + 2*o. Let g = -7 - j. Suppose 3*y - 40 = -g*f, -5*f - 2*y + 49 = 14. List the prime factors of f.
5
Let u(s) be the second derivative of -5*s**3/2 + 3*s**2 - s. Let q be u(5). Let v = -49 - q. What are the prime factors of v?
2, 5
Suppose 2*i = -0*i - 90. Let c = i - -82. List the prime factors of c.
37
Suppose 0 = p - 4*q - 42, 3*p - 3*q - 162 = -0*q. Suppose -f + p = 9. List the prime factors of f.
7
Let w be (-3)/6*(-20)/(-2). Let l(h) = h**3 + 10*h**2 + 12*h - 5. What are the prime factors of l(w)?
2, 3, 5
Let x be 12*40/(-45)*(-6)/1. List the prime factors of 7*(x/7 - (-12)/6).
2, 3, 13
Suppose -87*t = -91*t + 2772. What are the prime factors of t?
3, 7, 11
Let r = 0 - -3. Suppose f - r*w + 8 = 0, 3*f = f + 2*w. Suppose 0*j - 4*j = f*b - 124, -4*j = -5*b - 160. List the prime factors of j.
5, 7
Suppose 4558 - 1294 = 6*d. List the prime factors of d.
2, 17
Let k(l) = -l**2 - 10*l + 16. Let p be k(-8). Suppose 0 = c + 9 - p. What are the prime factors of c?
23
Let r = -9 + 73. Let v = r - 19. What are the prime factors of v?
3, 5
Let v = -24 - -28. Suppose 0*h + 657 = v*h + 5*w, 2*h + 4*w = 330. List the prime factors of h.
163
Let p(w) = -w**3 - 15*w**2 + 16*w + 2. Let k be p(-16). List the prime factors of k/15 + 3144/45.
2, 5, 7
Suppose 4 = 2*y + 4*g, y = 5*g + 3 - 15. List the prime factors of 0 + y - (-40 + 2).
2, 3
List the prime factors of 1*-994*-1*1/2.
7, 71
Suppose 22*o - 26*o + 7028 = 2*v, -3*o = -2*v - 5264. List the prime factors of o.
2, 439
What are the prime factors of 19029/12 + 12/((-288)/(-6))?
2, 13, 61
Let i be 4/4 + -1 - (1 - 4). Let b(y) = 6*y**3 - y**2 - 8*y + 6. List the prime factors of b(i).
3, 5
Let v(y) = -2*y**3 + 100*y**2 + y + 114. What are the prime factors of v(50)?
2, 41
Let z(d) = -208*d - 45. What are the prime factors of z(-3)?
3, 193
Suppose 503 = 5*k - 3*s, -3*k + 331 = s + 18. Let t = -68 + k. List the prime factors of t.
5, 7
Let m be 20/2 - (-13 + 9). Let z = 95 - m. List the prime factors of z.
3
Let q(i) = 217*i**2 + i + 1. What are the prime factors of q(-1)?
7, 31
Let l(u) = 2*u**3 + 3*u**2 - 2*u + 1. Let x(k) = -k**2 - 12*k - 5. Let b be x(-11). Suppose -2*g = -5*g + b. List the prime factors of l(g).
5
Let a = 235 + -38. List the prime factors of a.
197
Suppose 0 = -9*n + 4*n - 5. Let x = 1 + n. Suppose x = 8*p - 3*p - 140. List the prime factors of p.
2, 7
Let n(t) = -8*t - t**2 + 2 + t + 7. Let b(p) = p + 1. Let c(d) = -6*b(d) + n(d). What are the prime factors of c(-13)?
3
Let m be 12*2/(-9)*-3. Suppose -o = -5*h + 8, 2*o - h + 3*h - m = 0. List the prime factors of -2*14*o/(-4).
2, 7
Suppose 15 = 5*y - 0*y. Let u(b) = -2*b**2 + 4*b + 1. Let s be u(y). Let l = 28 + s. List the prime factors of l.
23
Let t(a) = -a**2 - a - 235. Let d be t(0). List the prime factors of 1/((-5)/d + 0).
47
Let s = -267 - -430. What are the prime factors of s?
163
Let i = -384 - -585. List the prime factors of i.
3, 67
Suppose o + 5*r - 391 = -115, -4*r = 0. What are the prime factors of o?
2, 3, 23
What are the prime factors of ((-1 - -4) + 944)/1?
947
Suppose -919 = -3*l + 1004. What are the prime factors of l?
641
Let a(i) = 8*i**3 - 3*i**2 - 4*i + 4. List the prime factors of a(2).
2, 3
Let b(n) = 145*n**2 + 34*n + 11. What are the prime factors of b(-4)?
5, 439
Let t be (-242)/(-2) - (15 - 14). Suppose -2*i = 2*i - t. Let z = -20 + i. What are the prime factors of z?
2, 5
What are the prime factors of -5 - (-631 - (1 + -6))?
3, 23
Suppose -4*w = -29 + 9. What are the prime factors of 33/(-55) - (-223)/w?
2, 11
Let u = 565 + -436. What are the prime factors of u?
3, 43
Suppose 5*d - 18 = 222. List the prime factors of d.
2, 3
Let w(u) be the second derivative of u**5/20 + u**4/12 + u**3/6 + u. Let n = -24 - -26. What are the prime factors of w(n)?
2, 7
Suppose 2*w - 6*w = -12. Suppose 3*o - w*r = 396, 2*r - 3*r = o - 124. Suppose 3*g = 64 + o. List the prime factors of g.
2
Let q be 2/(-4) - (-9)/2. Suppose h = 3*h + q. Let k = 15 + h. What are the prime factors of k?
13
Let u(l) = -3*l**2 - 117*l + 21. What are the prime factors of u(-36)?
3, 5, 23
Suppose 2*h + 9 - 9 = 0. Suppose h = 2*v - 33 - 59. List the prime factors of v.
2, 23
What are the prime factors of ((-13)/((-26)/(-1090)))/(2/(-2))?
5, 109
Suppose 4*m - 732 = -x + 318, -2*m - 2110 = -2*x. List the prime factors of x.
2, 17, 31
Suppose 5*w + 5*n - 1736 = -576, 2*w - 4*n = 470. List the prime factors of w.
233
Let l be (-12)/(-28) + 3/(-7). Suppose -f - 3*u = -l*u - 19, -f = -3*u + 11. What are the prime factors of 14 - f*3/12?